41027059 a prime number?
False
Is 6023613047 a composite number?
False
Is 216824593 a composite number?
True
Is 12899138089 prime?
True
Is 2286637741 a composite number?
True
Is 274657069 a composite number?
False
Is 342214093 a composite number?
True
Is 19378920773 prime?
True
Is 6578551451 composite?
True
Is 11796300001 a composite number?
True
Is 3422323837 composite?
True
Is 3680730791 prime?
False
Is 3184723909 prime?
True
Is 13140548479 prime?
False
Is 7676471777 a prime number?
False
Is 29175650099 composite?
True
Is 356475239 a prime number?
True
Is 2112143723 composite?
True
Is 3863961779 a composite number?
False
Is 12900992833 prime?
False
Is 12800072767 a composite number?
True
Is 963960313 a composite number?
False
Is 41903509 a prime number?
False
Is 72663683 a prime number?
False
Is 52342084391 composite?
False
Is 151653233 composite?
False
Is 48936046157 a prime number?
False
Is 158953551953 prime?
False
Is 1257224795 prime?
False
Is 31031850737 composite?
True
Is 1269754201 prime?
True
Is 4640646343 prime?
True
Is 840632927 composite?
False
Is 19896811169 a composite number?
True
Is 138394813097 prime?
True
Is 2205758437 a prime number?
False
Is 1452617527 composite?
True
Is 315540427 prime?
False
Is 2748656623 composite?
False
Is 12098765621 a composite number?
True
Is 74331841865 a prime number?
False
Is 13715329373 a prime number?
True
Is 38078794933 a composite number?
True
Is 8207398387 composite?
True
Is 29900844959 a composite number?
False
Is 156296297 a composite number?
False
Is 3842837117 composite?
True
Is 69580733 prime?
True
Is 67617269441 a composite number?
True
Is 16808708071 composite?
False
Is 19820141507 composite?
True
Is 1120778093 a composite number?
False
Is 858419249 prime?
True
Is 528306693 composite?
True
Is 33594710467 composite?
False
Is 77492014993 a prime number?
True
Is 52967833223 a composite number?
False
Is 3407366 composite?
True
Is 7386916051 a prime number?
True
Is 31167955061 a composite number?
False
Is 37598779301 prime?
True
Is 4175649349 composite?
False
Is 594444803 a composite number?
False
Is 4760143757 a composite number?
False
Is 12020830177 prime?
True
Is 1083308251 composite?
True
Is 144271047071 a composite number?
False
Is 14637426469 a prime number?
False
Is 12962578261 composite?
True
Is 130449061109 prime?
False
Is 4183164637 composite?
False
Is 941183363 prime?
False
Is 331961633 a composite number?
False
Is 60879197471 a prime number?
False
Is 33216571369 a prime number?
True
Is 4917105293 a prime number?
False
Is 85873657 a prime number?
True
Is 641679613 a composite number?
True
Is 31634886131 a prime number?
True
Is 9963155395 a composite number?
True
Is 456346139 composite?
True
Is 17393003491 a composite number?
False
Is 140003960837 a prime number?
False
Is 4299427163 prime?
True
Is 6263680589 a composite number?
False
Is 2829487523 prime?
False
Is 26692839181 a prime number?
True
Is 18861356117 a composite number?
False
Is 3339915277 composite?
True
Is 1493925317 prime?
True
Is 26881728163 a prime number?
True
Is 333561 composite?
True
Is 504853711 a prime number?
True
Is 16829911159 a prime number?
False
Is 126112201 composite?
True
Is 7967658353 composite?
False
Is 46984781 a composite number?
False
Is 151093801253 composite?
True
Is 3681794099 a prime number?
True
Is 935162489 composite?
False
Is 87865246123 a composite number?
False
Is 182207047 composite?
True
Is 53811707987 prime?
True
Is 1280099669 a composite number?
False
Is 255046073 a prime number?
True
Is 452358971 prime?
False
Is 40728180487 a composite number?
True
Is 4310513107 prime?
False
Is 1024144181 composite?
False
Is 3594848359 composite?
False
Is 320937893 a composite number?
False
Is 72593451407 a prime number?
False
Is 2653457993 a prime number?
True
Is 722453711 prime?
False
Is 953853127 a prime number?
True
Is 20348624611 composite?
True
Is 23415236081 a composite number?
False
Is 525931521 a prime number?
False
Is 4331806403 prime?
True
Is 2307249079 prime?
True
Is 16833226379 a composite number?
True
Is 403728527 a composite number?
False
Is 251631647 a composite number?
True
Is 29652607861 a composite number?
True
Is 51389920133 composite?
True
Is 139335164323 a prime number?
True
Is 496506674 a prime number?
False
Is 3324867631 prime?
True
Is 9300017 prime?
True
Is 15320249 composite?
True
Is 135856627 prime?
False
Is 3923698727 a composite number?
True
Is 2103184249 a prime number?
True
Is 2320074487 composite?
True
Is 168999043 prime?
True
Is 52335893 a composite number?
True
Is 61857723541 a composite number?
False
Is 45766827922 a prime number?
False
Is 38144220791 prime?
False
Is 1101412441 composite?
True
Is 1139262373 composite?
True
Is 851458339 a prime number?
True
Is 60745252313 a prime number?
False
Is 13937981909 composite?
False
Is 2699387927 a prime number?
True
Is 87357901 prime?
False
Is 37331485637 prime?
True
Is 94008068101 prime?
True
Is 108906821 composite?
False
Is 14412510323 a composite number?
False
Is 2078177879 a prime number?
False
Is 17317799593 a composite number?
True
Is 29442502403 a composite number?
False
Is 9340562633 a composite number?
False
Is 27095074609 composite?
True
Is 66388159793 a composite number?
True
Is 1216927628903 a prime number?
False
Is 25775713687 composite?
False
Is 873072427 a prime number?
False
Is 38197998953 a composite number?
False
Is 72072713201 composite?
True
Is 199380333 prime?
False
Is 7496627311 a prime number?
True
Is 6646432411 a prime number?
True
Is 2211539383 a composite number?
True
Is 131855285339 prime?
False
Is 5131932061 a prime number?
True
Is 41098609 prime?
False
Is 32330809001 composite?
False
Is 6107539054 a composite number?
True
Is 352915977 a composite number?
True
Is 4376692277 a composite number?
True
Is 353920789 prime?
False
Is 785716441 composite?
False
Is 577151987 prime?
True
Is 827957419 prime?
True
Is 2290826477 a prime number?
False
Is 48067005257 a prime number?
False
Is 17593646709 composite?
True
Is 34910379337 a composite number?
True
Is 63695257961 a composite number?
False
Is 1292680531 composite?
False
Is 1897971706 a prime number?
False
Is 6346859405 prime?
False
Is 181502754527 composite?
False
Is 48795239729 a prime number?
True
Is 12532094098 prime?
False
Is 1836367859 a composite number?
True
Is 124602693973 a prime number?
True
Is 8798835179 composite?
True
Is 18506149157 prime?
True
Is 18083539439 composite?
True
Is 4728529493 a prime number?
True
Is 826848263 a prime number?
True
Is 12335327207 prime?
False
Is 19063123769 composite?
True
Is 94348833 a composite number?
True
Is 51203222501 composite?
True
Is 375989773 composite?
False
Is 22047877991 a prime number?
True
Is 280686301 a prime number?
False
Is 392681813 a composite number?
False
Is 25960931 composite?
False
Is 554665 a prime number?
False
Is 4360538389 composite?
False
Is 19368377057 a composite number?
False
Is 9650288729 a prime number?
True
Is 234109410071 a composite number?
True
Is 26105018187 prime?
False
Is 47424967 composite?
True
Is 1973001791 composite?
False
Is 492198761 composite?
False
Is 12650176983 a composite number?
True
Is 7978515811 composite?
True
Is 1264769933 a composite number?
True
Is 17106675893 a composite number?
True
Is 36953144573 prime?
True
Is 1203397361 prime?
False
Is 668090557 a prime number?
True
Is 3818487811 composite?
False
Is 11372711018 a prime number?
False
Is 20099602069 prime?
True
Is 112308017 a composite number?
False
Is 7529187949 a prime number?
True
Is 2295410023 a prime number?
False
Is 37614079 prime?
False
Is 16037512963 a prime number?
True
Is 108434515309 prime?
False
Is 124927217 a prime number?
True
Is 3956938543 a prime number?
False
Is 5322773837 prime?
False
Is 53104366087 composite?
False
Is 232063439 composite?
True
Is 5521601033 composite?
True
Is 1060336573 a composite number?
True
Is 893511629 a composite number?
True
Is 993137729 prime?
True
Is 559903543 a prime number?
True
Is 53410265429 a prime number?
True
Is 62241518527 a composite number?
False
Is 56348308771 prime?
False
Is 13355007293 a composite number?
True
Is 1011439433 composite?
False
Is 485968597 prime?
True
Is 180776909 prime?
True
Is 4476287597 a composite number?
False
Is 1403638